hest common factor of 180 and 20.
20
Calculate the greatest common divisor of 16 and 8.
8
Calculate the highest common factor of 9 and 549.
9
Calculate the greatest common divisor of 297 and 55.
11
Calculate the highest common divisor of 625 and 3.
1
Calculate the greatest common divisor of 1360 and 440.
40
Calculate the highest common factor of 22 and 3619.
11
What is the highest common factor of 92 and 12?
4
Calculate the greatest common factor of 2222 and 11.
11
Calculate the highest common factor of 2550 and 1326.
102
What is the highest common divisor of 171 and 108?
9
What is the greatest common divisor of 930 and 540?
30
What is the highest common factor of 352 and 27808?
352
Calculate the greatest common factor of 170 and 13.
1
What is the greatest common divisor of 416 and 312?
104
What is the highest common factor of 64 and 34016?
32
What is the greatest common divisor of 903 and 21?
21
What is the greatest common factor of 41764 and 212?
212
Calculate the highest common factor of 24 and 1212.
12
What is the highest common divisor of 42 and 2982?
42
What is the highest common factor of 6586 and 296?
74
What is the highest common factor of 14 and 1498?
14
What is the greatest common divisor of 1384 and 16?
8
What is the greatest common factor of 48 and 14376?
24
What is the greatest common divisor of 728 and 26?
26
What is the highest common divisor of 8393 and 436?
109
Calculate the highest common factor of 2390 and 500.
10
Calculate the greatest common factor of 43213 and 79.
79
Calculate the greatest common divisor of 242 and 88.
22
Calculate the highest common factor of 221 and 136.
17
Calculate the greatest common factor of 81 and 783.
27
Calculate the highest common factor of 99 and 165.
33
What is the highest common factor of 22 and 781?
11
Calculate the highest common divisor of 17516 and 151.
151
What is the greatest common factor of 77 and 1309?
77
Calculate the greatest common factor of 10956 and 264.
132
What is the highest common factor of 11 and 4411?
11
Calculate the highest common factor of 7098 and 21.
21
Calculate the greatest common divisor of 1340 and 60.
20
What is the greatest common divisor of 28 and 6706?
14
What is the highest common factor of 11 and 2112?
11
What is the highest common factor of 1660 and 20?
20
What is the highest common divisor of 342 and 114?
114
What is the highest common divisor of 264 and 240?
24
What is the greatest common factor of 970 and 20?
10
Calculate the highest common divisor of 3335 and 290.
145
Calculate the greatest common factor of 1265 and 550.
55
Calculate the greatest common divisor of 180 and 216.
36
What is the greatest common factor of 85 and 34?
17
Calculate the highest common factor of 169 and 377.
13
Calculate the highest common divisor of 640 and 520.
40
Calculate the greatest common divisor of 2 and 1799.
1
What is the greatest common factor of 385 and 35?
35
What is the greatest common divisor of 55 and 33?
11
What is the highest common divisor of 24 and 8724?
12
Calculate the highest common divisor of 528 and 24.
24
What is the greatest common divisor of 688 and 16?
16
Calculate the greatest common factor of 5518 and 178.
178
What is the greatest common factor of 92 and 4508?
92
What is the greatest common factor of 2596 and 3186?
118
Calculate the greatest common divisor of 138 and 2438.
46
Calculate the highest common divisor of 429 and 975.
39
Calculate the highest common factor of 225 and 495.
45
What is the highest common divisor of 19584 and 18?
18
What is the highest common divisor of 5 and 2?
1
Calculate the highest common divisor of 20 and 820.
20
What is the greatest common divisor of 136 and 102?
34
Calculate the greatest common divisor of 4237 and 133.
19
What is the highest common divisor of 1222 and 470?
94
Calculate the greatest common divisor of 3264 and 1122.
102
Calculate the highest common divisor of 82 and 2665.
41
What is the highest common divisor of 62 and 558?
62
Calculate the highest common factor of 48 and 162.
6
Calculate the highest common factor of 205 and 41.
41
Calculate the greatest common factor of 1139 and 5293.
67
What is the highest common divisor of 170 and 187?
17
Calculate the greatest common divisor of 2408 and 1892.
172
What is the highest common divisor of 1743 and 42?
21
What is the greatest common divisor of 2 and 82?
2
What is the greatest common divisor of 3003 and 66?
33
Calculate the greatest common divisor of 51 and 183.
3
Calculate the greatest common divisor of 44 and 110.
22
What is the greatest common divisor of 936 and 144?
72
What is the highest common divisor of 23 and 157159?
23
What is the greatest common divisor of 44 and 11?
11
What is the highest common divisor of 168 and 888?
24
What is the highest common divisor of 6511 and 17?
17
What is the greatest common factor of 35 and 1645?
35
Calculate the greatest common factor of 1 and 757.
1
Calculate the highest common divisor of 1498 and 154.
14
What is the greatest common divisor of 554 and 10?
2
Calculate the greatest common factor of 117 and 81.
9
Calculate the highest common divisor of 40 and 220.
20
Calculate the greatest common divisor of 756 and 56.
28
What is the greatest common factor of 25265 and 155?
155
Calculate the greatest common divisor of 153 and 1819.
17
Calculate the highest common factor of 384 and 6.
6
Calculate the highest common factor of 500 and 20.
20
What is the greatest common factor of 645 and 15?
15
What is the greatest common divisor of 4 and 20?
4
Calculate the highest common divisor of 979 and 89.
89
Calculate the highest common factor of 1377 and 2193.
51
Calculate the greatest common factor of 1748 and 92.
92
What is the highest common divisor of 511 and 14?
7
Calculate the greatest common factor of 107 and 535.
107
What is the greatest common divisor of 5194 and 106?
106
What is the highest common divisor of 3 and 184?
1
What is the greatest common factor of 35 and 875?
35
What is the greatest common divisor of 339 and 93?
3
Calculate the highest common factor of 11501 and 31.
31
What is the highest common factor of 416 and 299?
13
What is the highest common factor of 666 and 9102?
222
Calculate the highest common factor of 30074 and 44.
22
Calculate the highest common factor of 336 and 348.
12
Calculate the highest common divisor of 55 and 33.
11
What is the greatest common divisor of 1241 and 17?
17
What is the highest common divisor of 930 and 279?
93
What is the highest common divisor of 128 and 40?
8
Calculate the highest common factor of 33 and 264.
33
What is the greatest common divisor of 996 and 8?
4
What is the greatest common factor of 15 and 155?
5
What is the highest common factor of 13 and 7?
1
Calculate the greatest common divisor of 230 and 50.
10
What is the greatest common factor of 21 and 14833?
7
What is the greatest common factor of 473 and 11?
11
What is the highest common factor of 260 and 2236?
52
What is the greatest common divisor of 94 and 94?
94
What is the highest common factor of 10 and 610?
10
What is the highest common divisor of 3430 and 70?
70
What is the greatest common factor of 23 and 7889?
23
What is the greatest common factor of 72 and 8?
8
What is the greatest common divisor of 1296 and 16?
16
What is the highest common factor of 285 and 60?
15
Calculate the greatest common divisor of 15234 and 6.
6
Calculate the highest common factor of 20 and 1265.
5
What is the highest common divisor of 1428 and 3876?
204
What is the greatest common factor of 469 and 91?
7
What is the highest common divisor of 59 and 13806?
59
Calculate the highest common divisor of 2688 and 24.
24
Calculate the highest common divisor of 975 and 15.
15
Calculate the greatest common factor of 4465 and 380.
95
Calculate the greatest common divisor of 737 and 1608.
67
Calculate the highest common factor of 11323 and 507.
169
Calculate the greatest common divisor of 112 and 14.
14
What is the highest common factor of 1580 and 100?
20
What is the greatest common factor of 364 and 104?
52
Calculate the highest common factor of 440 and 363.
11
What is the greatest common divisor of 406 and 174?
58
What is the highest common divisor of 182 and 1911?
91
Calculate the highest common factor of 957 and 33.
33
Calculate